e
Does 28 divide 935107?
False
Does 44 divide 637956?
True
Is 416823 a multiple of 487?
False
Is 120204 a multiple of 318?
True
Is 3 a factor of 263343?
True
Is 18 a factor of 1248822?
True
Does 38 divide 14295?
False
Is 429 a factor of 175482?
False
Is 3801021 a multiple of 1200?
False
Is 2236288 a multiple of 32?
True
Is 9040 a multiple of 16?
True
Is 16 a factor of 128320?
True
Is 105000 a multiple of 35?
True
Is 45 a factor of 3984415?
False
Does 96 divide 1278664?
False
Is 6805530 a multiple of 15?
True
Does 666 divide 1134104?
False
Does 108 divide 10476?
True
Is 128 a factor of 3508172?
False
Is 785408 a multiple of 59?
True
Is 4 a factor of 621937?
False
Does 429 divide 7076712?
False
Does 144 divide 201600?
True
Is 3373693 a multiple of 210?
False
Is 4 a factor of 2118757?
False
Is 82235 a multiple of 281?
False
Does 122 divide 5041284?
True
Is 134 a factor of 655999?
False
Is 10 a factor of 2448878?
False
Is 32813 a multiple of 32?
False
Is 69902 a multiple of 26?
False
Is 183 a factor of 150792?
True
Does 226 divide 381412?
False
Is 23 a factor of 181198?
False
Is 112672 a multiple of 16?
True
Does 145 divide 1702270?
False
Does 711 divide 17930709?
True
Is 22 a factor of 151558?
True
Does 20 divide 1007090?
False
Does 70 divide 172900?
True
Is 85360 a multiple of 80?
True
Is 742299 a multiple of 89?
False
Is 10 a factor of 37249?
False
Is 34 a factor of 97697?
False
Is 15 a factor of 9387412?
False
Is 213072 a multiple of 386?
True
Does 47 divide 2374467?
False
Is 68 a factor of 7524177?
False
Is 38939 a multiple of 13?
False
Is 56 a factor of 6935208?
True
Is 24 a factor of 53712?
True
Is 449046 a multiple of 18?
True
Is 97888 a multiple of 13?
False
Is 395281 a multiple of 31?
True
Is 151618 a multiple of 41?
True
Does 23 divide 2634397?
True
Is 46882 a multiple of 29?
False
Is 253028 a multiple of 34?
True
Does 4 divide 1090460?
True
Does 28 divide 3759354?
False
Is 829626 a multiple of 57?
False
Is 40 a factor of 408332?
False
Does 54 divide 196560?
True
Is 46 a factor of 55522?
True
Is 155499 a multiple of 11?
False
Does 27 divide 4927412?
False
Does 34 divide 59012?
False
Is 19 a factor of 118039?
False
Does 6 divide 19754?
False
Does 5 divide 719375?
True
Does 55 divide 4384?
False
Is 1275426 a multiple of 18?
True
Does 7 divide 1492008?
True
Does 8 divide 2672967?
False
Is 131 a factor of 10895621?
False
Is 51 a factor of 26854348?
False
Is 16 a factor of 511947?
False
Is 57 a factor of 13653931?
False
Is 24 a factor of 102465?
False
Is 461 a factor of 976398?
True
Does 122 divide 334391?
False
Is 157 a factor of 22012970?
True
Is 10 a factor of 228050?
True
Is 6 a factor of 534348?
True
Does 66 divide 27192?
True
Does 128 divide 551808?
True
Is 22 a factor of 11192102?
False
Is 173394 a multiple of 57?
True
Is 6678 a multiple of 9?
True
Does 44 divide 47914?
False
Is 163 a factor of 2411748?
True
Is 263332 a multiple of 109?
False
Does 251 divide 3914596?
True
Is 182436 a multiple of 29?
False
Is 2051304 a multiple of 49?
False
Is 25965 a multiple of 21?
False
Does 62 divide 598114?
True
Does 5 divide 273981?
False
Is 96 a factor of 324766?
False
Does 30 divide 360990?
True
Is 3572540 a multiple of 54?
False
Is 2397 a multiple of 17?
True
Is 67 a factor of 1260203?
True
Is 164237 a multiple of 473?
False
Is 400303 a multiple of 7?
False
Is 1098576 a multiple of 36?
True
Is 1892168 a multiple of 24?
False
Does 28 divide 66177?
False
Does 136 divide 305796?
False
Is 35090 a multiple of 58?
True
Is 1483575 a multiple of 15?
True
Is 16 a factor of 76453?
False
Does 394 divide 458462?
False
Is 5980207 a multiple of 376?
False
Is 8795006 a multiple of 121?
True
Is 942229 a multiple of 178?
False
Is 70070 a multiple of 98?
True
Is 152 a factor of 64657?
False
Is 35 a factor of 699545?
True
Does 57 divide 452211?
False
Does 10 divide 129302?
False
Is 585918 a multiple of 129?
True
Does 4 divide 817064?
True
Does 175 divide 1122275?
True
Is 3133614 a multiple of 218?
False
Does 14 divide 8528226?
True
Is 6 a factor of 961101?
False
Is 89614 a multiple of 346?
True
Is 63 a factor of 341646?
False
Is 42 a factor of 2641932?
False
Is 99 a factor of 515370?
False
Is 52 a factor of 115851?
False
Does 83 divide 5628474?
False
Does 105 divide 1072721?
False
Is 23181447 a multiple of 417?
True
Is 150926 a multiple of 17?
True
Is 1617121 a multiple of 11?
True
Does 10 divide 73300?
True
Is 2255408 a multiple of 8?
True
Is 4645066 a multiple of 12?
False
Is 45 a factor of 165780?
True
Does 9 divide 240183?
True
Is 538 a factor of 2895213?
False
Is 92 a factor of 7703488?
False
Is 322790 a multiple of 13?
True
Does 345 divide 1709130?
True
Does 785 divide 2193983?
False
Is 826968 a multiple of 107?
False
Is 158 a factor of 4653890?
True
Is 255 a factor of 8279850?
True
Is 13 a factor of 11181379?
False
Is 56352 a multiple of 93?
False
Is 4 a factor of 263296?
True
Does 23 divide 3618705?
True
Is 72 a factor of 3902814?
False
Is 3828650 a multiple of 70?
True
Does 173 divide 8519819?
False
Is 140047 a multiple of 23?
True
Does 22 divide 84172?
True
Is 1910804 a multiple of 208?
False
Is 5271302 a multiple of 19?
False
Is 6 a factor of 159678?
True
Is 12 a factor of 39885732?
True
Is 503 a factor of 5579779?
True
Does 109 divide 29127?
False
Is 41 a factor of 2813707?
True
Is 38163 a multiple of 75?
False
Is 100 a factor of 1512371?
False
Does 280 divide 10914680?
True
Does 17 divide 2085543?
True
Is 80 a factor of 205662?
False
Is 296 a factor of 3216928?
True
Is 289852 a multiple of 14?
False
Does 371 divide 371?
True
Does 118 divide 19976?
False
Is 565680 a multiple of 60?
True
Is 1169880 a multiple of 184?
False
Does 267 divide 943311?
True
Does 114 divide 7298166?
True
Is 16 a factor of 1999056?
True
Is 237880 a multiple of 368?
False
Is 3336076 a multiple of 178?
True
Is 36 a factor of 1872864?
True
Does 10 divide 14300060?
True
Does 318 divide 473527?
False
Is 2610855 a multiple of 65?
True
Is 4 a factor of 6605?
False
Is 1629936 a multiple of 27?
True
Is 149186 a multiple of 194?
True
Is 3591144 a multiple of 72?
True
Does 381 divide 325755?
True
Is 27 a factor of 7263?
True
Is 546 a factor of 876876?
True
Is 94 a factor of 541664?
False
Does 449 divide 174212?
True
Is 348 a factor of 2994723?
False
Is 9058 a multiple of 7?
True
Is 165 a factor of 3081480?
False
Is 596 a factor of 8832100?
False
Is 61 a factor of 2437332?
False
Does 21 divide 12579553?
False
Is 9138118 a multiple of 62?
True
Is 199422 a multiple of 162?
True
Is 854790 a multiple of 30?
True
Does 197 divide 159061?
False
Does 52 divide 2157220?
True
Does 14 divide 993836?
False
Is 8 a factor of 72784?
True
Is 96 a factor of 3084562?
False
Does 36 divide 44352?
True
Is 264 a factor of 1289112?
True
Is 3 a factor of 293673?
True
Is 2964 a multiple of 238?
False
Is 201 a factor of 357384?
False
Is 33 a factor of 506484?
True
Does 179 divide 303060?
False
Is 4541678 a multiple of 291?
False
Is 300204 a multiple of 186?
True
Does 13 divide 17608?
False
Is 40 a factor of 513200?
True
Is 9 a factor of 4586694?
False
Does 42 divide 4135360?
False
Is 216756 a multiple of 18?
True
Is 212520 a multiple of 88?
True
Is 631339 a multiple of 569?
False
Is 1012 a factor of 547195?
False
Does 53 divide 99497?
False
Is 502130 a multiple of 414?
False
Is 7583625 a multiple of 321?
True
Is 3320040 a multiple of 146?
True
Is 415645 a multiple of 5?
True
Is 80 a factor of 961617?
False
Is 2136618 a multiple of 594?
True
Is 279162 a multiple of 39?
True
Does 383 divide 2931091?
False
Is 3025338 a multiple of 48?
False
Is 33 a factor of 18932463?
True
Does 3 divide 173271?
True
Is 5656349 a multiple of 15?
False
Is 136 a factor of 2947800?
True
Is 128250 a multiple of 450?
True
Is 179596 a multiple of 23?
False
Is 7 a factor of 641996?
False
Is 265 a factor of 758430?
True
Does 437 divide 6948737?
True
Is 1896180 a multiple of 507?
True
Is 15 a factor of 40993?
False
Is 12262614 a multiple of 7?
True
Is 1445388 a multiple of 42?
True
Is 20667763 a multiple of 118?
False
Does 76 divide 221204?
False
Is 17 a factor of 490317?
False
Is 11 a factor of 287793?
True
Is 159476 a multiple of 7?
False
Is 16 a factor of 2943532?
False
Does 5 divide 567192?
False
Does 9 divide 307010?
False
Is 204073